s the greatest common factor of 2451 and 1591?
43
Calculate the highest common factor of 294 and 539.
49
Calculate the greatest common factor of 4 and 340.
4
Calculate the greatest common divisor of 861 and 1025.
41
What is the highest common divisor of 23 and 4117?
23
Calculate the highest common factor of 226 and 8.
2
Calculate the highest common divisor of 3589 and 97.
97
Calculate the highest common divisor of 33 and 660.
33
What is the highest common divisor of 34 and 238?
34
What is the greatest common factor of 5773 and 46?
23
Calculate the greatest common factor of 4812 and 20.
4
What is the highest common factor of 896 and 560?
112
Calculate the greatest common divisor of 29 and 87.
29
Calculate the highest common factor of 105 and 100275.
105
What is the highest common divisor of 5 and 5?
5
What is the highest common divisor of 50 and 175?
25
Calculate the highest common factor of 5 and 815.
5
Calculate the greatest common factor of 325 and 175.
25
What is the highest common factor of 576 and 4464?
144
Calculate the greatest common factor of 15 and 15.
15
Calculate the highest common divisor of 12 and 1004.
4
Calculate the highest common factor of 94 and 376.
94
Calculate the greatest common factor of 400 and 68.
4
What is the highest common factor of 165 and 264?
33
What is the highest common divisor of 403 and 988?
13
Calculate the greatest common divisor of 11430 and 508.
254
Calculate the highest common factor of 506 and 2162.
46
Calculate the highest common divisor of 55 and 44.
11
Calculate the greatest common divisor of 396 and 36.
36
What is the highest common divisor of 95 and 80?
5
What is the highest common divisor of 100 and 610?
10
Calculate the highest common factor of 19063 and 11.
11
Calculate the highest common factor of 134 and 1273.
67
Calculate the highest common factor of 115 and 10.
5
Calculate the highest common factor of 225 and 30.
15
Calculate the greatest common divisor of 675 and 27.
27
What is the highest common divisor of 84 and 273?
21
What is the greatest common factor of 85 and 272?
17
Calculate the highest common factor of 216 and 3132.
108
Calculate the highest common divisor of 4668 and 12.
12
What is the greatest common factor of 909 and 18?
9
Calculate the greatest common factor of 441 and 27.
9
Calculate the highest common factor of 12 and 31.
1
Calculate the greatest common divisor of 23836 and 808.
404
Calculate the highest common factor of 240 and 312.
24
What is the greatest common factor of 144 and 112?
16
What is the highest common factor of 95 and 5?
5
Calculate the greatest common factor of 72 and 16074.
18
What is the highest common divisor of 472 and 3422?
118
Calculate the highest common divisor of 8399 and 185.
37
Calculate the highest common divisor of 1390 and 40.
10
What is the highest common divisor of 210 and 245?
35
Calculate the greatest common factor of 225 and 125.
25
What is the highest common factor of 2 and 26?
2
Calculate the greatest common divisor of 279 and 2883.
93
What is the greatest common factor of 24 and 3324?
12
What is the greatest common divisor of 81 and 9?
9
What is the greatest common divisor of 650 and 50?
50
What is the highest common factor of 5 and 437?
1
What is the greatest common factor of 26 and 169?
13
Calculate the highest common divisor of 100 and 12500.
100
Calculate the greatest common divisor of 7866 and 171.
171
Calculate the highest common divisor of 325 and 50.
25
Calculate the greatest common factor of 301 and 473.
43
Calculate the greatest common factor of 23716 and 98.
98
Calculate the highest common factor of 1415 and 5.
5
Calculate the highest common factor of 6693 and 679.
97
What is the highest common divisor of 568 and 8?
8
What is the greatest common divisor of 87 and 377?
29
Calculate the greatest common divisor of 224 and 238.
14
Calculate the highest common divisor of 15 and 3.
3
Calculate the greatest common factor of 124 and 22382.
62
What is the highest common factor of 2511 and 93?
93
Calculate the greatest common factor of 208 and 884.
52
What is the highest common factor of 3 and 7?
1
Calculate the greatest common divisor of 22 and 26818.
22
What is the highest common factor of 1 and 67?
1
What is the greatest common divisor of 42 and 35?
7
What is the highest common divisor of 1592 and 16?
8
Calculate the greatest common factor of 11 and 17.
1
Calculate the highest common factor of 1261 and 485.
97
Calculate the highest common factor of 50 and 1525.
25
Calculate the greatest common divisor of 407 and 11.
11
Calculate the greatest common factor of 644 and 4784.
92
What is the highest common divisor of 14625 and 117?
117
Calculate the greatest common factor of 36 and 468.
36
Calculate the highest common divisor of 292 and 28.
4
Calculate the highest common divisor of 72 and 4.
4
Calculate the highest common divisor of 6325 and 115.
115
Calculate the greatest common divisor of 25402 and 26.
26
Calculate the greatest common factor of 782 and 46.
46
Calculate the highest common divisor of 14 and 3206.
14
What is the highest common divisor of 286 and 182?
26
Calculate the greatest common factor of 54 and 382.
2
Calculate the greatest common divisor of 475 and 133.
19
What is the highest common factor of 759 and 66?
33
Calculate the highest common divisor of 19366 and 46.
46
Calculate the highest common divisor of 136 and 56.
8
Calculate the highest common divisor of 14992 and 32.
16
Calculate the greatest common factor of 1904 and 119.
119
What is the highest common factor of 410 and 50?
10
What is the greatest common factor of 828 and 72?
36
What is the greatest common divisor of 10 and 50?
10
Calculate the highest common factor of 34 and 10.
2
What is the greatest common divisor of 14 and 567?
7
What is the highest common divisor of 10 and 890?
10
Calculate the greatest common divisor of 1274 and 104.
26
Calculate the greatest common factor of 496 and 341.
31
What is the highest common factor of 4495 and 217?
31
Calculate the highest common divisor of 14444 and 8.
4
What is the highest common factor of 42 and 98?
14
What is the greatest common divisor of 228 and 3154?
38
Calculate the greatest common divisor of 175 and 150.
25
Calculate the greatest common divisor of 47 and 1645.
47
Calculate the highest common factor of 1072 and 64.
16
What is the greatest common factor of 62 and 1209?
31
Calculate the greatest common divisor of 910 and 90.
10
What is the greatest common divisor of 13 and 728?
13
What is the greatest common divisor of 315 and 10335?
15
Calculate the greatest common factor of 98 and 46.
2
What is the greatest common divisor of 11 and 1573?
11
What is the greatest common divisor of 17 and 1?
1
What is the highest common factor of 6908 and 44?
44
What is the greatest common divisor of 680 and 40?
40
What is the greatest common divisor of 990 and 1034?
22
What is the greatest common divisor of 564 and 470?
94
What is the greatest common divisor of 52 and 244?
4
Calculate the greatest common divisor of 52 and 182.
26
Calculate the highest common divisor of 1628 and 330.
22
Calculate the highest common factor of 29540 and 40.
20
What is the highest common factor of 672 and 27?
3
Calculate the highest common factor of 420 and 21.
21
Calculate the highest common divisor of 22 and 2981.
11
Calculate the highest common divisor of 1088 and 34.
34
Calculate the greatest common divisor of 50 and 1725.
25
What is the greatest common divisor of 118 and 944?
118
What is the highest common divisor of 33 and 1551?
33
Calculate the greatest common factor of 120 and 3440.
40
Calculate the greatest common factor of 63 and 504.
63
Calculate the greatest common divisor of 4727 and 87.
29
Calculate the greatest common divisor of 144 and 792.
72
Calculate the greatest common divisor of 90 and 894.
6
Calculate the highest common factor of 10 and 8340.
10
What is the highest common divisor of 12928 and 303?
101
What is the greatest common factor of 25 and 800?
25
What is the highest common divisor of 335 and 2613?
67
Calculate the highest common factor of 415 and 6142.
83
What is the greatest common factor of 2990 and 260?
130
What is the highest common factor of 285 and 13851?
57
What is the greatest common factor of 48 and 60?